06?
176
Calculate the remainder when 214197 is divided by 1373.
9
Calculate the remainder when 30828 is divided by 47.
43
What is the remainder when 51897 is divided by 1297?
17
Calculate the remainder when 700531 is divided by 9.
7
What is the remainder when 11406 is divided by 11?
10
Calculate the remainder when 39356 is divided by 1827.
989
What is the remainder when 462363 is divided by 785?
783
Calculate the remainder when 6376 is divided by 146.
98
Calculate the remainder when 3591971 is divided by 12.
11
What is the remainder when 1989 is divided by 1514?
475
Calculate the remainder when 179 is divided by 77.
25
What is the remainder when 3424 is divided by 699?
628
What is the remainder when 61386 is divided by 1860?
6
What is the remainder when 289886 is divided by 3117?
5
What is the remainder when 173013 is divided by 486?
483
Calculate the remainder when 3953 is divided by 327.
29
What is the remainder when 10287 is divided by 245?
242
Calculate the remainder when 100199 is divided by 40.
39
Calculate the remainder when 21942 is divided by 1152.
54
Calculate the remainder when 9084 is divided by 4531.
22
Calculate the remainder when 4607 is divided by 56.
15
What is the remainder when 147837 is divided by 21?
18
What is the remainder when 734 is divided by 707?
27
Calculate the remainder when 116148 is divided by 384.
180
Calculate the remainder when 188795 is divided by 77.
68
Calculate the remainder when 11856 is divided by 11833.
23
Calculate the remainder when 38998 is divided by 150.
148
What is the remainder when 4626 is divided by 398?
248
Calculate the remainder when 1245873 is divided by 188.
185
What is the remainder when 71514 is divided by 752?
74
What is the remainder when 371105 is divided by 1028?
1025
Calculate the remainder when 422705 is divided by 434.
423
Calculate the remainder when 40645 is divided by 313.
268
Calculate the remainder when 18363 is divided by 409.
367
Calculate the remainder when 399867 is divided by 24990.
27
What is the remainder when 171866 is divided by 30?
26
What is the remainder when 1596 is divided by 346?
212
What is the remainder when 21574 is divided by 58?
56
What is the remainder when 10278 is divided by 2524?
182
What is the remainder when 47524 is divided by 4303?
191
Calculate the remainder when 309673 is divided by 195.
13
Calculate the remainder when 4099 is divided by 894.
523
What is the remainder when 3503 is divided by 1080?
263
Calculate the remainder when 195367 is divided by 10.
7
Calculate the remainder when 29038 is divided by 220.
218
What is the remainder when 49474 is divided by 589?
587
What is the remainder when 34561 is divided by 2880?
1
Calculate the remainder when 1079 is divided by 320.
119
What is the remainder when 62731 is divided by 3485?
1
What is the remainder when 2566 is divided by 1280?
6
Calculate the remainder when 16027 is divided by 1708.
655
Calculate the remainder when 7343 is divided by 1805.
123
Calculate the remainder when 1820 is divided by 17.
1
Calculate the remainder when 447031 is divided by 14.
11
Calculate the remainder when 441 is divided by 6.
3
What is the remainder when 24861 is divided by 246?
15
Calculate the remainder when 117865 is divided by 254.
9
What is the remainder when 339 is divided by 58?
49
What is the remainder when 15539 is divided by 15366?
173
Calculate the remainder when 1810 is divided by 491.
337
Calculate the remainder when 30335 is divided by 79.
78
What is the remainder when 15424 is divided by 5?
4
What is the remainder when 23010 is divided by 6?
0
Calculate the remainder when 9606 is divided by 9595.
11
Calculate the remainder when 111033 is divided by 31.
22
What is the remainder when 107525 is divided by 73?
69
Calculate the remainder when 10552 is divided by 941.
201
What is the remainder when 20021 is divided by 10006?
9
Calculate the remainder when 152812 is divided by 21797.
233
What is the remainder when 78141 is divided by 6?
3
Calculate the remainder when 18922 is divided by 2097.
49
Calculate the remainder when 1060173 is divided by 26.
23
What is the remainder when 15343 is divided by 2546?
67
Calculate the remainder when 632 is divided by 105.
2
What is the remainder when 16966 is divided by 8463?
40
What is the remainder when 214281 is divided by 1448?
1425
Calculate the remainder when 11096 is divided by 2749.
100
What is the remainder when 600690 is divided by 299?
298
What is the remainder when 18918 is divided by 110?
108
What is the remainder when 3218049 is divided by 10?
9
Calculate the remainder when 16989 is divided by 68.
57
What is the remainder when 71209 is divided by 20?
9
What is the remainder when 71852 is divided by 88?
44
What is the remainder when 133949 is divided by 44646?
11
Calculate the remainder when 256103 is divided by 115.
113
What is the remainder when 240775 is divided by 3947?
8
What is the remainder when 37077 is divided by 8?
5
Calculate the remainder when 2144 is divided by 190.
54
Calculate the remainder when 39973 is divided by 31.
14
What is the remainder when 29136 is divided by 280?
16
What is the remainder when 1656 is divided by 70?
46
What is the remainder when 9680 is divided by 194?
174
Calculate the remainder when 39953 is divided by 4.
1
Calculate the remainder when 2158 is divided by 917.
324
What is the remainder when 5920 is divided by 2836?
248
Calculate the remainder when 1148987 is divided by 25.
12
What is the remainder when 1668059 is divided by 270?
269
What is the remainder when 6508 is divided by 115?
68
What is the remainder when 1862 is divided by 304?
38
What is the remainder when 17794 is divided by 330?
304
Calculate the remainder when 10651 is divided by 56.
11
Calculate the remainder when 162105 is divided by 1977.
1968
What is the remainder when 46194 is divided by 168?
162
What is the remainder when 15248 is divided by 221?
220
What is the remainder when 1181 is divided by 71?
45
What is the remainder when 4983538 is divided by 33?
10
Calculate the remainder when 454151 is divided by 146.
91
Calculate the remainder when 69388 is divided by 550.
88
Calculate the remainder when 91079 is divided by 1443.
170
Calculate the remainder when 90621 is divided by 915.
36
Calculate the remainder when 144870 is divided by 36215.
10
Calculate the remainder when 1036 is divided by 168.
28
What is the remainder when 7643 is divided by 478?
473
Calculate the remainder when 5624 is divided by 11.
3
What is the remainder when 4352 is divided by 3783?
569
What is the remainder when 63000 is divided by 741?
15
What is the remainder when 8468 is divided by 4228?
12
Calculate the remainder when 27741 is divided by 1207.
1187
What is the remainder when 9556 is divided by 4402?
752
What is the remainder when 69898 is divided by 20?
18
What is the remainder when 178984 is divided by 121?
25
What is the remainder when 8837 is divided by 221?
218
What is the remainder when 944 is divided by 545?
399
What is the remainder when 25158 is divided by 3107?
302
Calculate the remainder when 196630 is divided by 19.
18
What is the remainder when 8291 is divided by 1111?
514
Calculate the remainder when 545967 is divided by 30.
27
What is the remainder when 32163 is divided by 111?
84
What is the remainder when 6967 is divided by 1028?
799
What is the remainder when 2805 is divided by 106?
49
Calculate the remainder when 26307 is divided by 126.
99
Calculate the remainder when 5520 is divided by 135.
120
What is the remainder when 45879 is divided by 32?
23
Calculate the remainder when 6308 is divided by 6094.
214
What is the remainder when 6193 is divided by 47?
36
What is the remainder when 20091244 is divided by 57?
55
Calculate the remainder when 4956 is divided by 1574.
234
Calculate the remainder when 126590 is divided by 328.
310
What is the remainder when 28067 is divided by 9352?
11
Calculate the remainder when 177 is divided by 43.
5
Calculate the remainder when 1315 is divided by 657.
1
Calculate the remainder when 10522 is divided by 18.
10
Calculate the remainder when 986 is divided by 67.
48
Calculate the remainder when 5621 is divided by 77.
0
What is the remainder when 80670 is divided by 26889?
3
What is the remainder when 28157 is divided